{"id":21853,"date":"2019-06-19T17:28:50","date_gmt":"2019-06-19T15:28:50","guid":{"rendered":"https:\/\/magazin.edogs.de\/?page_id=21853"},"modified":"2019-06-19T17:28:50","modified_gmt":"2019-06-19T15:28:50","slug":"amazon-tag1","status":"publish","type":"page","link":"https:\/\/www.edogs.de\/magazin\/amazon-tag1\/","title":{"rendered":"Amazon Branding Week Tag 1"},"content":{"rendered":"<div class=\"wpb-content-wrapper\"><p>[vc_row][vc_column][vc_single_image image=&#8221;21909&#8243; el_class=&#8221;noMobile&#8221;][vc_column_text el_class=&#8221;onlyMobile&#8221;]<img fetchpriority=\"high\" decoding=\"async\" class=\"aligncenter wp-image-21894 size-full\" src=\"https:\/\/www.edogs.de\/magazin\/wp-content\/uploads\/AmazonPetsShoppingDays-500x500-1.jpg\" alt=\"\" width=\"500\" height=\"500\" srcset=\"https:\/\/www.edogs.de\/magazin\/wp-content\/uploads\/AmazonPetsShoppingDays-500x500-1.jpg 500w, https:\/\/www.edogs.de\/magazin\/wp-content\/uploads\/AmazonPetsShoppingDays-500x500-1-300x300.jpg 300w, https:\/\/www.edogs.de\/magazin\/wp-content\/uploads\/AmazonPetsShoppingDays-500x500-1-150x150.jpg 150w\" sizes=\"(max-width: 500px) 100vw, 500px\" \/>[\/vc_column_text][\/vc_column][\/vc_row][vc_row][vc_column width=&#8221;1\/2&#8243;][td_block_text_with_title custom_title=&#8221;Wellnessday&#8221; tdc_css=&#8221;&#8221;]<\/p>\n<h2 style=\"text-align: left;\"><span style=\"font-family: verdana, geneva, sans-serif;\">Wellnessday<\/span><\/h2>\n<p><strong><a href=\"https:\/\/www.edogs.de\/magazin\/fellpflege-hund\/\">Fellpflege<\/a> beim Hund \u2013 Tipps f\u00fcr ein gesundes und gl\u00e4nzendes Fell<\/strong><\/p>\n<p>Nutzt den Tag um eure Fellnase heute ordentlich zu verw\u00f6hnen. Intensive Fellpflege ist nicht nur eine Frage der \u00c4sthetik, sondern auch der Gesundheit.<\/p>\n<p>Lose Haare, die nicht regelm\u00e4\u00dfig aus dem Fell entfernt werden, k\u00f6nnen Feuchtigkeit anziehen und sich mit Staub, Schmutz oder Schlamm vermischen. Werden diese im Fell belassen, bilden sich mit der Zeit Verfilzungen, die die Neubildung von Follikeln erschweren. Die Entfernung dieser Verfilzungen kann daher f\u00fcr deinen Liebling schmerzhaft sein oder Hautirritationen hervorrufen, die m\u00f6glicherweise zu kleinen Verletzungen und Entz\u00fcndungen f\u00fchren k\u00f6nnen. Daher unser Tipp: Das DeShedding von <strong><a href=\"https:\/\/www.amazon.de\/stores\/node\/3167045031?_encoding=UTF8&amp;field-lbr_brands_browse-bin=FURminator&amp;ref_=bl_dp_s_web_3167045031\" target=\"_blank\" rel=\"nofollow noopener noreferrer\">FURminator<\/a><\/strong>. Es entfernt lose, tote Unterwolle w\u00e4hrend des Fellwechsels ohne das Deckhaar zu schneiden oder zu besch\u00e4digen.<\/p>\n<p>Erg\u00e4nzend dazu, empfehlen wir den <a href=\"https:\/\/www.edogs.de\/magazin\/furminator-hund\/\">FURminator<\/a> Striegel um eure Lieblinge <strong>sanft zu massieren<\/strong> und dadurch die Talgproduktion anzuregen \u2013 f\u00fcr ein gesundes Haarkleid und gl\u00e4nzendes Fell.<\/p>\n<p>Deshalb bekommen die <strong>ersten 50<\/strong> von euch beim<strong> Kauf von eines deShedding Tool<\/strong>\u00a0f\u00fcr Hunde oder Pferde (Version 2.0) einen FURminator Striegel <strong>gratis<\/strong> dazu.<\/p>\n<p>So bekommt ihr den gratis Striegel:<\/p>\n<ol>\n<li>Finde auf Amazon.de das passende FURminator deShedding Tool 2.0 f\u00fcr dein <a href=\"https:\/\/www.amazon.de\/FURminator-deShedding-Tool-Pferd-Pferdeb%C3%BCrste-Pferdestriegel\/dp\/B07PRYVL94\/\" target=\"_blank\" rel=\"nofollow noopener noreferrer\">Pferd \u00a0<\/a>oder deinen <a href=\"https:\/\/www.amazon.de\/s?k=furminator+hund+version+2.0\" target=\"_blank\" rel=\"nofollow noopener noreferrer\">Hund <\/a>(erh\u00e4ltlich in den Gr\u00f6\u00dfen XS, S, M, L, XL)<\/li>\n<li>Solange noch gratis Striegel erh\u00e4ltlich sind, findest du unterhalb des Angebotspreises die aktuellen Angebote mit der Werbeaktion. Lege \u00fcber diesen Button beide Artikel in den Einkaufwagen.<\/li>\n<li>Am Ende des Bestellvorgangs wird der FURminator Striegel als gratis Artikel verbucht. Wir w\u00fcnschen dir viel Spa\u00df bei der Fellpflege!<\/li>\n<\/ol>\n<p>Viele weitere tolle Produkte rund um den Hund findet ihr auf <a href=\"https:\/\/www.amazon.de\/Haustierbedarf-Tierfutter-Tierbetten-Tiertransportboxen\/b\/ref=sa_surl_ps6?ie=UTF8&amp;node=340852031&amp;ref=edogs23\" target=\"_blank\" rel=\"nofollow noopener noreferrer\">amazon.de\/haustier<\/a>. Von Hundefutter, \u00fcber Ausr\u00fcstung und Hygiene-Produkten, bis hin zu Fashion \u2013 schnell und komfortabel direkt an die Haust\u00fcr.[\/td_block_text_with_title][vc_column_text]<a class=\"edogsBtnGreen\" href=\"https:\/\/www.amazon.de\/dp\/B07NSL5V36\/ref=twister_B07QY33TD6?_encoding=UTF8&amp;psc=1\" data-eventcategory=\"amazonPetsShoppingDays\" data-eventaction=\"ButtonClickTag1\">Jetzt Angebot sichern!<\/a>[\/vc_column_text][\/vc_column][vc_column width=&#8221;1\/2&#8243;][vc_column_text]<img decoding=\"async\" class=\"alignnone wp-image-22040 size-full\" src=\"https:\/\/www.edogs.de\/magazin\/wp-content\/uploads\/AmazonShoppingDaysTag1-500x500-1-1.jpg\" alt=\"\" width=\"500\" height=\"500\" srcset=\"https:\/\/www.edogs.de\/magazin\/wp-content\/uploads\/AmazonShoppingDaysTag1-500x500-1-1.jpg 500w, https:\/\/www.edogs.de\/magazin\/wp-content\/uploads\/AmazonShoppingDaysTag1-500x500-1-1-300x300.jpg 300w, https:\/\/www.edogs.de\/magazin\/wp-content\/uploads\/AmazonShoppingDaysTag1-500x500-1-1-150x150.jpg 150w\" sizes=\"(max-width: 500px) 100vw, 500px\" \/>[\/vc_column_text][\/vc_column][\/vc_row]<\/p>\n<\/div>","protected":false},"excerpt":{"rendered":"[vc_row][vc_column][vc_single_image image=\"21909\" el_class=\"noMobile\"][vc_column_text el_class=\"onlyMobile\"][\/vc_column_text][\/vc_column][\/vc_row][vc_row][vc_column width=\"1\/2\"][td_block_text_with_title custom_title=\"Wellnessday\" tdc_css=\"\"] Wellnessday Fellpflege beim Hund \u2013 Tipps f\u00fcr ein&hellip;","protected":false},"author":3,"featured_media":0,"parent":0,"menu_order":0,"comment_status":"closed","ping_status":"closed","template":"","meta":{"_lmt_disableupdate":"","_lmt_disable":"","footnotes":""},"class_list":["post-21853","page","type-page","status-publish","hentry"],"yoast_head":"<!-- This site is optimized with the Yoast SEO plugin v27.3 - https:\/\/yoast.com\/product\/yoast-seo-wordpress\/ -->\n<title>Amazon Branding Week Tag 1 - edogs<\/title>\n<meta name=\"description\" content=\"Regelm\u00e4\u00dfiges B\u00fcrsten der Haare sorgt f\u00fcr ein knotenfreies Fell, das deinem Haustier sonst w\u00e4hrend des Entfernens der Unterwolle unangenehm sein kann.\" \/>\n<meta name=\"robots\" content=\"index, follow, max-snippet:-1, max-image-preview:large, max-video-preview:-1\" \/>\n<link rel=\"canonical\" href=\"https:\/\/www.edogs.de\/magazin\/amazon-tag1\/\" \/>\n<meta property=\"og:locale\" content=\"de_DE\" \/>\n<meta property=\"og:type\" content=\"article\" \/>\n<meta property=\"og:title\" content=\"Amazon Branding Week Tag 1 - edogs\" \/>\n<meta property=\"og:description\" content=\"Regelm\u00e4\u00dfiges B\u00fcrsten der Haare sorgt f\u00fcr ein knotenfreies Fell, das deinem Haustier sonst w\u00e4hrend des Entfernens der Unterwolle unangenehm sein kann.\" \/>\n<meta property=\"og:url\" content=\"https:\/\/www.edogs.de\/magazin\/amazon-tag1\/\" \/>\n<meta property=\"og:site_name\" content=\"edogs\" \/>\n<meta property=\"og:image\" content=\"https:\/\/www.edogs.de\/magazin\/wp-content\/uploads\/AmazonPetsShoppingDays-500x500-1.jpg\" \/>\n<meta name=\"twitter:card\" content=\"summary_large_image\" \/>\n<meta name=\"twitter:label1\" content=\"Gesch\u00e4tzte Lesezeit\" \/>\n\t<meta name=\"twitter:data1\" content=\"2\u00a0Minuten\" \/>\n<script type=\"application\/ld+json\" class=\"yoast-schema-graph\">{\"@context\":\"https:\\\/\\\/schema.org\",\"@graph\":[{\"@type\":\"WebPage\",\"@id\":\"https:\\\/\\\/www.edogs.de\\\/magazin\\\/amazon-tag1\\\/\",\"url\":\"https:\\\/\\\/www.edogs.de\\\/magazin\\\/amazon-tag1\\\/\",\"name\":\"Amazon Branding Week Tag 1 - edogs\",\"isPartOf\":{\"@id\":\"https:\\\/\\\/www.edogs.de\\\/magazin\\\/#website\"},\"primaryImageOfPage\":{\"@id\":\"https:\\\/\\\/www.edogs.de\\\/magazin\\\/amazon-tag1\\\/#primaryimage\"},\"image\":{\"@id\":\"https:\\\/\\\/www.edogs.de\\\/magazin\\\/amazon-tag1\\\/#primaryimage\"},\"thumbnailUrl\":\"https:\\\/\\\/www.edogs.de\\\/magazin\\\/wp-content\\\/uploads\\\/AmazonPetsShoppingDays-500x500-1.jpg\",\"datePublished\":\"2019-06-19T15:28:50+00:00\",\"description\":\"Regelm\u00e4\u00dfiges B\u00fcrsten der Haare sorgt f\u00fcr ein knotenfreies Fell, das deinem Haustier sonst w\u00e4hrend des Entfernens der Unterwolle unangenehm sein kann.\",\"breadcrumb\":{\"@id\":\"https:\\\/\\\/www.edogs.de\\\/magazin\\\/amazon-tag1\\\/#breadcrumb\"},\"inLanguage\":\"de\",\"potentialAction\":[{\"@type\":\"ReadAction\",\"target\":[\"https:\\\/\\\/www.edogs.de\\\/magazin\\\/amazon-tag1\\\/\"]}]},{\"@type\":\"ImageObject\",\"inLanguage\":\"de\",\"@id\":\"https:\\\/\\\/www.edogs.de\\\/magazin\\\/amazon-tag1\\\/#primaryimage\",\"url\":\"https:\\\/\\\/www.edogs.de\\\/magazin\\\/wp-content\\\/uploads\\\/AmazonPetsShoppingDays-500x500-1.jpg\",\"contentUrl\":\"https:\\\/\\\/www.edogs.de\\\/magazin\\\/wp-content\\\/uploads\\\/AmazonPetsShoppingDays-500x500-1.jpg\",\"width\":500,\"height\":500},{\"@type\":\"BreadcrumbList\",\"@id\":\"https:\\\/\\\/www.edogs.de\\\/magazin\\\/amazon-tag1\\\/#breadcrumb\",\"itemListElement\":[{\"@type\":\"ListItem\",\"position\":1,\"name\":\"Startseite\",\"item\":\"https:\\\/\\\/www.edogs.de\\\/magazin\\\/\"},{\"@type\":\"ListItem\",\"position\":2,\"name\":\"Amazon Branding Week Tag 1\"}]},{\"@type\":\"WebSite\",\"@id\":\"https:\\\/\\\/www.edogs.de\\\/magazin\\\/#website\",\"url\":\"https:\\\/\\\/www.edogs.de\\\/magazin\\\/\",\"name\":\"edogs\",\"description\":\"\",\"publisher\":{\"@id\":\"https:\\\/\\\/www.edogs.de\\\/magazin\\\/#organization\"},\"potentialAction\":[{\"@type\":\"SearchAction\",\"target\":{\"@type\":\"EntryPoint\",\"urlTemplate\":\"https:\\\/\\\/www.edogs.de\\\/magazin\\\/?s={search_term_string}\"},\"query-input\":{\"@type\":\"PropertyValueSpecification\",\"valueRequired\":true,\"valueName\":\"search_term_string\"}}],\"inLanguage\":\"de\"},{\"@type\":\"Organization\",\"@id\":\"https:\\\/\\\/www.edogs.de\\\/magazin\\\/#organization\",\"name\":\"edogs\",\"url\":\"https:\\\/\\\/www.edogs.de\\\/magazin\\\/\",\"logo\":{\"@type\":\"ImageObject\",\"inLanguage\":\"de\",\"@id\":\"https:\\\/\\\/www.edogs.de\\\/magazin\\\/#\\\/schema\\\/logo\\\/image\\\/\",\"url\":\"\",\"contentUrl\":\"\",\"caption\":\"edogs\"},\"image\":{\"@id\":\"https:\\\/\\\/www.edogs.de\\\/magazin\\\/#\\\/schema\\\/logo\\\/image\\\/\"}}]}<\/script>\n<!-- \/ Yoast SEO plugin. -->","yoast_head_json":{"title":"Amazon Branding Week Tag 1 - edogs","description":"Regelm\u00e4\u00dfiges B\u00fcrsten der Haare sorgt f\u00fcr ein knotenfreies Fell, das deinem Haustier sonst w\u00e4hrend des Entfernens der Unterwolle unangenehm sein kann.","robots":{"index":"index","follow":"follow","max-snippet":"max-snippet:-1","max-image-preview":"max-image-preview:large","max-video-preview":"max-video-preview:-1"},"canonical":"https:\/\/www.edogs.de\/magazin\/amazon-tag1\/","og_locale":"de_DE","og_type":"article","og_title":"Amazon Branding Week Tag 1 - edogs","og_description":"Regelm\u00e4\u00dfiges B\u00fcrsten der Haare sorgt f\u00fcr ein knotenfreies Fell, das deinem Haustier sonst w\u00e4hrend des Entfernens der Unterwolle unangenehm sein kann.","og_url":"https:\/\/www.edogs.de\/magazin\/amazon-tag1\/","og_site_name":"edogs","og_image":[{"url":"https:\/\/www.edogs.de\/magazin\/wp-content\/uploads\/AmazonPetsShoppingDays-500x500-1.jpg","type":"","width":"","height":""}],"twitter_card":"summary_large_image","twitter_misc":{"Gesch\u00e4tzte Lesezeit":"2\u00a0Minuten"},"schema":{"@context":"https:\/\/schema.org","@graph":[{"@type":"WebPage","@id":"https:\/\/www.edogs.de\/magazin\/amazon-tag1\/","url":"https:\/\/www.edogs.de\/magazin\/amazon-tag1\/","name":"Amazon Branding Week Tag 1 - edogs","isPartOf":{"@id":"https:\/\/www.edogs.de\/magazin\/#website"},"primaryImageOfPage":{"@id":"https:\/\/www.edogs.de\/magazin\/amazon-tag1\/#primaryimage"},"image":{"@id":"https:\/\/www.edogs.de\/magazin\/amazon-tag1\/#primaryimage"},"thumbnailUrl":"https:\/\/www.edogs.de\/magazin\/wp-content\/uploads\/AmazonPetsShoppingDays-500x500-1.jpg","datePublished":"2019-06-19T15:28:50+00:00","description":"Regelm\u00e4\u00dfiges B\u00fcrsten der Haare sorgt f\u00fcr ein knotenfreies Fell, das deinem Haustier sonst w\u00e4hrend des Entfernens der Unterwolle unangenehm sein kann.","breadcrumb":{"@id":"https:\/\/www.edogs.de\/magazin\/amazon-tag1\/#breadcrumb"},"inLanguage":"de","potentialAction":[{"@type":"ReadAction","target":["https:\/\/www.edogs.de\/magazin\/amazon-tag1\/"]}]},{"@type":"ImageObject","inLanguage":"de","@id":"https:\/\/www.edogs.de\/magazin\/amazon-tag1\/#primaryimage","url":"https:\/\/www.edogs.de\/magazin\/wp-content\/uploads\/AmazonPetsShoppingDays-500x500-1.jpg","contentUrl":"https:\/\/www.edogs.de\/magazin\/wp-content\/uploads\/AmazonPetsShoppingDays-500x500-1.jpg","width":500,"height":500},{"@type":"BreadcrumbList","@id":"https:\/\/www.edogs.de\/magazin\/amazon-tag1\/#breadcrumb","itemListElement":[{"@type":"ListItem","position":1,"name":"Startseite","item":"https:\/\/www.edogs.de\/magazin\/"},{"@type":"ListItem","position":2,"name":"Amazon Branding Week Tag 1"}]},{"@type":"WebSite","@id":"https:\/\/www.edogs.de\/magazin\/#website","url":"https:\/\/www.edogs.de\/magazin\/","name":"edogs","description":"","publisher":{"@id":"https:\/\/www.edogs.de\/magazin\/#organization"},"potentialAction":[{"@type":"SearchAction","target":{"@type":"EntryPoint","urlTemplate":"https:\/\/www.edogs.de\/magazin\/?s={search_term_string}"},"query-input":{"@type":"PropertyValueSpecification","valueRequired":true,"valueName":"search_term_string"}}],"inLanguage":"de"},{"@type":"Organization","@id":"https:\/\/www.edogs.de\/magazin\/#organization","name":"edogs","url":"https:\/\/www.edogs.de\/magazin\/","logo":{"@type":"ImageObject","inLanguage":"de","@id":"https:\/\/www.edogs.de\/magazin\/#\/schema\/logo\/image\/","url":"","contentUrl":"","caption":"edogs"},"image":{"@id":"https:\/\/www.edogs.de\/magazin\/#\/schema\/logo\/image\/"}}]}},"_links":{"self":[{"href":"https:\/\/www.edogs.de\/magazin\/wp-json\/wp\/v2\/pages\/21853","targetHints":{"allow":["GET"]}}],"collection":[{"href":"https:\/\/www.edogs.de\/magazin\/wp-json\/wp\/v2\/pages"}],"about":[{"href":"https:\/\/www.edogs.de\/magazin\/wp-json\/wp\/v2\/types\/page"}],"author":[{"embeddable":true,"href":"https:\/\/www.edogs.de\/magazin\/wp-json\/wp\/v2\/users\/3"}],"replies":[{"embeddable":true,"href":"https:\/\/www.edogs.de\/magazin\/wp-json\/wp\/v2\/comments?post=21853"}],"version-history":[{"count":0,"href":"https:\/\/www.edogs.de\/magazin\/wp-json\/wp\/v2\/pages\/21853\/revisions"}],"wp:attachment":[{"href":"https:\/\/www.edogs.de\/magazin\/wp-json\/wp\/v2\/media?parent=21853"}],"curies":[{"name":"wp","href":"https:\/\/api.w.org\/{rel}","templated":true}]}}